ue
Is 470851 composite?
True
Is 17881 composite?
False
Is 44959 composite?
False
Is 35273 prime?
False
Is 429159 a composite number?
True
Is 189763 a composite number?
True
Is 19939 composite?
True
Is 890998 a composite number?
True
Is 110697 prime?
False
Is 331 a composite number?
False
Is 251021 a prime number?
False
Is 18181 a composite number?
False
Is 877 a composite number?
False
Is 589865 prime?
False
Is 247301 a composite number?
False
Is 13705 a prime number?
False
Is 245471 a composite number?
False
Is 44999 a composite number?
True
Is 227371 prime?
True
Is 226571 composite?
False
Is 29411 prime?
True
Is 433661 composite?
False
Is 22147 composite?
False
Is 246167 prime?
True
Is 2833 composite?
False
Is 6731 a composite number?
True
Is 82529 prime?
True
Is 1423 a prime number?
True
Is 779341 prime?
True
Is 6185 prime?
False
Is 1163 a composite number?
False
Is 63229 composite?
True
Is 11179 a prime number?
False
Is 1123 a prime number?
True
Is 9917 a prime number?
False
Is 3049 prime?
True
Is 81179 prime?
False
Is 287789 a composite number?
False
Is 14759 a prime number?
True
Is 371765 a composite number?
True
Is 17183 a prime number?
True
Is 160309 a composite number?
False
Is 848251 a prime number?
True
Is 17851 composite?
False
Is 1733 prime?
True
Is 307313 a composite number?
True
Is 53945 prime?
False
Is 82607 prime?
False
Is 8383 prime?
False
Is 125737 a composite number?
False
Is 126563 a composite number?
True
Is 1939 a composite number?
True
Is 19847 composite?
True
Is 7601 a prime number?
False
Is 188921 a prime number?
False
Is 35023 composite?
False
Is 55379 a composite number?
True
Is 258391 a prime number?
False
Is 64271 a composite number?
False
Is 125311 a prime number?
True
Is 6607 composite?
False
Is 186569 prime?
True
Is 182419 prime?
False
Is 25393 composite?
True
Is 133691 prime?
True
Is 14255 prime?
False
Is 49523 prime?
True
Is 55162 a prime number?
False
Is 5815 a prime number?
False
Is 1534027 prime?
False
Is 478003 a composite number?
True
Is 110857 a prime number?
False
Is 6469 prime?
True
Is 2237 prime?
True
Is 120751 a composite number?
True
Is 1031105 a composite number?
True
Is 7369 a composite number?
False
Is 2707 composite?
False
Is 162757 a prime number?
False
Is 242771 composite?
True
Is 1011547 a composite number?
True
Is 2333 prime?
True
Is 14989 composite?
True
Is 743 a composite number?
False
Is 75109 prime?
True
Is 30631 prime?
True
Is 1255 composite?
True
Is 22501 prime?
True
Is 16319 a prime number?
True
Is 1151 composite?
False
Is 919 a prime number?
True
Is 6407 prime?
False
Is 11863 a prime number?
True
Is 100865 prime?
False
Is 39397 a prime number?
True
Is 199123 a prime number?
False
Is 171863 a prime number?
True
Is 941 a prime number?
True
Is 2705 composite?
True
Is 6887 composite?
True
Is 54037 a prime number?
True
Is 1623 prime?
False
Is 243843 prime?
False
Is 4937 prime?
True
Is 75883 a prime number?
True
Is 59909 prime?
False
Is 2705 prime?
False
Is 29101 prime?
True
Is 74159 composite?
False
Is 33169 prime?
False
Is 2503 prime?
True
Is 8609 a composite number?
False
Is 2438698 a prime number?
False
Is 1477 a prime number?
False
Is 140957 a prime number?
False
Is 54917 composite?
False
Is 40099 prime?
True
Is 3607 composite?
False
Is 640162 prime?
False
Is 357767 composite?
False
Is 9521 a composite number?
False
Is 268771 composite?
False
Is 1499587 composite?
True
Is 307 composite?
False
Is 621913 a prime number?
True
Is 145091 composite?
False
Is 303286 prime?
False
Is 142319 a prime number?
True
Is 16181 prime?
False
Is 17309 a prime number?
False
Is 74923 a prime number?
True
Is 28387 prime?
True
Is 300727 a composite number?
True
Is 699617 a composite number?
False
Is 156829 a composite number?
True
Is 31591 composite?
True
Is 32602 a prime number?
False
Is 70051 composite?
False
Is 263537 a prime number?
True
Is 179779 a prime number?
True
Is 1552727 a composite number?
True
Is 47599 a prime number?
True
Is 44139 composite?
True
Is 14171 prime?
False
Is 650179 a composite number?
False
Is 273131 prime?
True
Is 1282817 composite?
False
Is 331 a composite number?
False
Is 12607 prime?
False
Is 761833 a composite number?
False
Is 13649 a prime number?
True
Is 10189 a composite number?
True
Is 1949 a prime number?
True
Is 11651 prime?
False
Is 53087 a composite number?
False
Is 8939 prime?
False
Is 52081 a prime number?
True
Is 91159 a prime number?
True
Is 81109 a prime number?
False
Is 13367 composite?
False
Is 9409 composite?
True
Is 16291 a prime number?
False
Is 4621 a composite number?
False
Is 141142 a composite number?
True
Is 2351533 composite?
False
Is 451931 prime?
False
Is 58547 prime?
False
Is 3793 a composite number?
False
Is 1642481 composite?
False
Is 236399 prime?
True
Is 14267 a prime number?
False
Is 18119 composite?
False
Is 5765 a prime number?
False
Is 16871 prime?
True
Is 10313 a composite number?
False
Is 1108909 prime?
True
Is 359819 prime?
False
Is 12317 composite?
True
Is 4885 a composite number?
True
Is 493 composite?
True
Is 13963 prime?
True
Is 1850383 composite?
True
Is 117101 prime?
True
Is 2638 a composite number?
True
Is 242967 a composite number?
True
Is 246733 a composite number?
True
Is 11041 prime?
False
Is 24763 a prime number?
True
Is 51757 a composite number?
True
Is 16351 composite?
True
Is 1741 prime?
True
Is 3935 composite?
True
Is 74111 prime?
False
Is 853 composite?
False
Is 259933 a prime number?
True
Is 31429 prime?
False
Is 804205 composite?
True
Is 10883 a prime number?
True
Is 256279 a composite number?
False
Is 340283 prime?
True
Is 63743 prime?
True
Is 739 composite?
False
Is 171533 prime?
False
Is 589109 a prime number?
True
Is 877 composite?
False
Is 20873 composite?
False
Is 2369 a composite number?
True
Is 2111 prime?
True
Is 5779 prime?
True
Is 17539 a composite number?
False
Is 41746 a composite number?
True
Is 315103 a prime number?
True
Is 8251 composite?
True
Is 26669 prime?
True
Is 221083 a composite number?
False
Is 321653 a prime number?
False
Is 3899 prime?
False
Is 2152433 composite?
False
Is 2462513 a prime number?
True
Is 135361 prime?
False
Is 391483 composite?
True
Is 1144823 prime?
True
Is 895 prime?
False
Is 23663 composite?
False
Is 17571 composite?
True
Is 1810649 prime?
True
Is 1136801 a composite number?
True
Is 9413 prime?
True
Is 5983 composite?
True
Is 21167 prime?
False
Is 267 a prime number?
False
Is 8509 prime?
False
Is 32105 a prime number?
False
Is 19597 a prime number?
True
Is 17011 a prime number?
True
Is 748919 a prime number?
False
Is 19267 prime?
True
Is 8707 prime?
True
Is 4621 composite?
False
Is 2957 prime?
True
Is 29443 a prime number?
True
Is 8321 a composite number?
True
Is 4049 a composite number?
False
Is 3221 prime?
True
Is 178918 a prime number?
False
Is 69749 prime?
False
Is 351473 a composite number?
True
Is 2677451 a prime number?
False
Is 17717 prime?
False
Is 4861 a composite number?
False
Is 1292273 a composite number?
True
Is 1388227 prime?
True
Is 1693 a composite number?
False
Is 138473 a prime number?
False
Is 29363 a prime number?
True
Is 31967 composite?
True
Is 11841 prime?
False
Is 51839 a composite number?
False
Is 18539 a composite number?
False
Is 29641 a prime number?
True
Is 4889 a composite number?
False
Is 24259 composite?
True
Is 13934 a composite number?
True
Is 626077 a prime number?
False
Is 32603 a composite number?
False
Is 202277 prime?
True
Is 57895 prime?
False
Is 2253 composite?
True
Is 536821 composite?
True
Is 205981 prime?
True
Is 4597 a composite number?
False
Is 5771 prime?
False
Is 12097 prime?
True
Is 4197 a prime number?
False
Is 20053 a composite number?
True
Is 218839 composite?
False
Is 45361 a prime number?
True
Is 18461 composite?
False
Is 19939 prime?
False
Is 13379 a prime number?
False
Is 361271 prime?
True
Is 22019 a prime number?
False
Is 202967 prime?
True
Is 1277 a prime number?
True
Is 3269 a prime number?
False
Is 62941 prime?
False
Is 26737 a composite number?
False
Is 12992051 a composite number?
False
Is 229265 a composite number?
True
Is 302561 a prime number?
False
Is 20477 prime?
True
Is 253277 a composite number?
True
Is 404621 a prime number?
False
Is 7079 composite?
False
Is 14777 a prime number?
False
Is 1555 a c